5107
What are the prime factors of 261942792?
2, 3, 751, 14533
What are the prime factors of 99324945?
3, 5, 2207221
What are the prime factors of 8645731556?
2, 7, 11, 23, 149, 8191
What are the prime factors of 68865297?
3, 2539, 9041
List the prime factors of 705191334.
2, 3, 137, 857897
List the prime factors of 2282671653.
3, 760890551
What are the prime factors of 5605307712?
2, 3, 9731437
List the prime factors of 1479405285.
3, 5, 32875673
What are the prime factors of 47407000?
2, 5, 47407
What are the prime factors of 1550971752?
2, 3, 11, 127, 167, 277
List the prime factors of 571371358.
2, 43, 449, 14797
What are the prime factors of 32967240?
2, 3, 5, 43, 6389
What are the prime factors of 3336459091?
7, 41, 11625293
What are the prime factors of 268443602?
2, 7, 47, 407969
List the prime factors of 114063516.
2, 3, 7, 452633
What are the prime factors of 3232849489?
17, 1069, 177893
List the prime factors of 544007320.
2, 5, 257, 52919
What are the prime factors of 1026889849?
31, 33125479
List the prime factors of 65275056.
2, 3, 7, 11, 29
List the prime factors of 6861895.
5, 1372379
What are the prime factors of 476211?
3, 181, 877
List the prime factors of 2480987564.
2, 11, 56386081
List the prime factors of 5978202300.
2, 3, 5, 7, 67, 4721
List the prime factors of 102216531.
3, 23, 173, 8563
List the prime factors of 9259480271.
9259480271
What are the prime factors of 5788926156?
2, 3, 13, 17, 19, 131, 877
What are the prime factors of 162090774?
2, 3, 3001681
List the prime factors of 173703848.
2, 21712981
What are the prime factors of 26952958?
2, 199, 241, 281
List the prime factors of 273754623.
3, 91251541
What are the prime factors of 140432867?
140432867
What are the prime factors of 1138331992?
2, 7, 20327357
List the prime factors of 135765126.
2, 3, 7, 359167
What are the prime factors of 6841495900?
2, 5, 8167, 8377
What are the prime factors of 3756120269?
11, 341465479
List the prime factors of 738327276.
2, 3, 331, 61961
List the prime factors of 448816678.
2, 431, 587, 887
List the prime factors of 1971942474.
2, 3, 19, 17297741
What are the prime factors of 41203499?
127, 324437
List the prime factors of 35156537.
13, 2704349
List the prime factors of 1288495308.
2, 3, 107374609
List the prime factors of 5718637.
1723, 3319
What are the prime factors of 17167921?
73, 235177
List the prime factors of 143218449.
3, 11, 160739
What are the prime factors of 875730792?
2, 3, 17, 479, 4481
List the prime factors of 77522982.
2, 3, 97, 133201
What are the prime factors of 2584637997?
3, 37, 3061, 7607
List the prime factors of 25935631.
37, 700963
What are the prime factors of 3051163367?
7, 257, 1696033
List the prime factors of 2883790072.
2, 360473759
List the prime factors of 75489386.
2, 7, 5392099
What are the prime factors of 1702852607?
1702852607
What are the prime factors of 94570419?
3, 31523473
List the prime factors of 1421801567.
41, 163, 5189
What are the prime factors of 345922725?
3, 5, 4612303
What are the prime factors of 55158621?
3, 7, 67, 197, 199
What are the prime factors of 6834654?
2, 3, 379703
What are the prime factors of 24179939?
7, 29, 311, 383
What are the prime factors of 368322769?
1549, 237781
What are the prime factors of 2566434165?
3, 5, 2609, 65579
List the prime factors of 436525777.
29, 15052613
List the prime factors of 22162569.
3, 11, 13, 19, 2719
What are the prime factors of 4239592040?
2, 5, 953, 111217
List the prime factors of 1573237845.
3, 5, 1009, 34649
What are the prime factors of 579790508?
2, 11, 17, 775121
List the prime factors of 93886786.
2, 7, 31, 216329
List the prime factors of 262983261.
3, 31, 61, 151, 307
List the prime factors of 1201964015.
5, 7, 23, 29, 51487
List the prime factors of 49177176.
2, 3, 647, 3167
What are the prime factors of 1419031706?
2, 127, 5586739
What are the prime factors of 698831838?
2, 3, 5657, 6863
What are the prime factors of 1112516049?
3, 23, 16123421
What are the prime factors of 11059513?
1279, 8647
What are the prime factors of 59178426?
2, 3, 19, 79, 6571
What are the prime factors of 51998254?
2, 7, 11, 337651
What are the prime factors of 54654345?
3, 5, 44983
List the prime factors of 1988548335.
3, 5, 5101, 8663
What are the prime factors of 64633775?
5, 2585351
What are the prime factors of 3818602670?
2, 5, 157, 1523, 1597
List the prime factors of 2083633185.
3, 5, 138908879
List the prime factors of 237422200.
2, 5, 1187111
List the prime factors of 753108156.
2, 3, 20919671
List the prime factors of 87024549.
3, 29008183
What are the prime factors of 138407857?
7, 53, 7039
What are the prime factors of 135099207?
3, 15011023
What are the prime factors of 306475107?
3, 37, 101, 27337
What are the prime factors of 123145248?
2, 3, 1282763
What are the prime factors of 521322985?
5, 104264597
List the prime factors of 109918606.
2, 7, 7851329
What are the prime factors of 616410857?
616410857
What are the prime factors of 74858838?
2, 3, 12476473
What are the prime factors of 524962?
2, 199, 1319
List the prime factors of 990340062.
2, 3, 1613, 102329
List the prime factors of 41815038.
2, 3, 6969173
What are the prime factors of 61070747?
61070747
What are the prime factors of 69125316?
2, 3, 13, 71, 79
List the prime factors of 141279391.
11, 953, 13477
What are the prime factors of 132496909?
149, 367, 2423
What are the prime factors of 545131682?
2, 272565841
List the prime factors of 171720498.
2, 3, 28620083
What are the prime factors of 1716804394?
2, 19, 179, 383, 659
List the prime factors of 28769142.
2, 3, 53, 90469
What are the prime factors of 60794734?
2, 7, 11, 13, 30367
List the prime factors of 3260349649.
3260349649
What are the prime factors of 31871745?
3, 5, 236087
What are the prime factors of 634627812?
2, 3, 7, 13, 83023
List the prime factors of 21115182.
2, 3, 11, 319927
What are the prime factors of 1304687115?
3, 5, 9664349
What are the prime factors of 828882457?
13, 61, 79, 101, 131
List the prime factors of 45697463.
7, 6528209
List the prime factors of 222975140.
2, 5, 11148757
List the prime factors of 294995013.
3, 199, 494129
List the prime factors of 719731383.
3, 7, 59, 151, 3847
What are the prime factors of 151608310?
2, 5, 7, 137, 15809
List the prime factors of 364502161.
364502161
What are the prime factors of 335070932?
2, 7, 11966819
What are the prime factors of 48925418?
2, 19, 1287511
What are the prime factors of 69188993?
31, 359, 6217
List the prime factors of 3716723963.
37, 43, 2336093
What are the prime factors of 1552072329?
3, 172452481
What are the prime factors of 165395850?
2, 3, 5, 31, 35569
What are the prime factors of 31564934?
2, 29, 544223
What are the prime factors of 1392033223?
7, 109, 1824421
What are the prime factors of 120704226?
2, 3, 19, 1058809
List the prime factors of 3199957333.
19, 168418807
What are the prime factors of 611245430?
2, 5, 43, 1421501
What are the prime factors of 199151034?
2, 3, 2887, 11497
List the prime factors of 414205472.
2, 19, 681259
List the prime factors of 90313577.
90313577
What are the prime factors of 138961208?
2, 43, 403957
List the prime factors of 3384951197.
3384951197
What are the prime factors of 1060474438?
2, 1741, 304559
What are the prime factors of 13778526?
2, 3, 601, 3821
What are the prime factors of 139008987?
3, 13, 23, 67, 257
What are the prime factors of 4122152007?
3, 1374050669
What are the prime factors of 117119278?
2, 947, 61837
List the prime factors of 1128533441.
7, 367, 439289
List the prime factors of 23642907.
3, 7880969
What are the prime factors of 2055940284?
2, 3, 23, 7449059
What are the prime factors of 503535399?
3, 101, 1661833
List the prime factors of 32699209.
19, 1721011
List the prime factors of 148322746.
2, 11, 13, 518611
What are the prime factors of 41345045?
5, 7, 19, 79, 787
List the prime factors of 1695983259.
3, 823, 686911
What are the prime factors of 4581348926?
2, 7, 11, 29749019
List the prime factors of 2227294976.
2, 23, 378277
List the prime factors of 102832204.
2, 823, 31237
List the prime factors of 1718835054.
2, 3, 286472509
What are the prime factors of 408955448?
2, 11, 29, 191, 839
What are the prime factors of 215873182?
2, 